
Convert 6b (base 16) to base 4.
1223
25 (base 7) to base 2
10011
88 (base 9) to base 11
73
-102 (base 14) to base 16
-c6
Convert 2 (base 13) to base 2.
10
Convert 12 (base 3) to base 16.
5
What is -34 (base 15) in base 11?
-45
What is -37 (base 12) in base 2?
-101011
What is 10120 (base 3) in base 14?
6c
Convert -7 (base 16) to base 7.
-10
Convert 0 (base 5) to base 6.
0
Convert 1 (base 9) to base 3.
1
2e (base 16) to base 2
101110
2 (base 3) to base 8
2
What is -3 (base 15) in base 3?
-10
21 (base 3) to base 4
13
Convert -1 (base 10) to base 12.
-1
What is -16 (base 9) in base 2?
-1111
2 (base 3) to base 13
2
Convert -1001100 (base 2) to base 14.
-56
Convert 6 (base 15) to base 14.
6
3 (base 14) to base 6
3
Convert 63 (base 10) to base 16.
3f
Convert -166 (base 7) to base 11.
-89
Convert 18 (base 9) to base 4.
101
Convert -25 (base 8) to base 16.
-15
Convert 81 (base 9) to base 10.
73
What is -14 (base 10) in base 14?
-10
What is -3 (base 14) in base 11?
-3
-10 (base 2) to base 9
-2
Convert -11001 (base 2) to base 16.
-19
Convert -7 (base 11) to base 14.
-7
Convert 35 (base 12) to base 13.
32
-2 (base 9) to base 15
-2
What is -a (base 16) in base 5?
-20
What is 77 (base 8) in base 16?
3f
-1221 (base 3) to base 5
-202
101 (base 5) to base 9
28
What is -38 (base 9) in base 15?
-25
Convert -10 (base 16) to base 9.
-17
Convert 233 (base 9) to base 6.
520
What is b (base 14) in base 3?
102
Convert -1000 (base 2) to base 16.
-8
Convert 1100010 (base 2) to base 4.
1202
Convert -71 (base 15) to base 7.
-211
What is 100111 (base 2) in base 3?
1110
Convert -10 (base 2) to base 10.
-2
What is -144 (base 5) in base 12?
-41
What is -43 (base 7) in base 12?
-27
What is 34 (base 10) in base 3?
1021
36 (base 12) to base 8
52
What is -102 (base 3) in base 6?
-15
1 (base 13) to base 2
1
-26 (base 12) to base 3
-1010
Convert 0 (base 12) to base 2.
0
What is -2 (base 11) in base 6?
-2
Convert 5 (base 14) to base 15.
5
-4c (base 14) to base 16
-44
-a (base 15) to base 5
-20
a (base 13) to base 5
20
Convert 31 (base 16) to base 5.
144
19 (base 12) to base 9
23
-3 (base 9) to base 10
-3
Convert 110 (base 4) to base 14.
16
What is -6 (base 8) in base 10?
-6
2 (base 3) to base 15
2
Convert 35 (base 10) to base 11.
32
Convert -10 (base 2) to base 4.
-2
Convert -1a7 (base 14) to base 13.
-205
What is -4 (base 10) in base 7?
-4
What is 1130 (base 5) in base 6?
433
4 (base 9) to base 13
4
Convert 1 (base 2) to base 3.
1
What is 10 (base 8) in base 10?
8
What is -11 (base 6) in base 10?
-7
163 (base 7) to base 16
5e
What is 35 (base 12) in base 15?
2b
4 (base 7) to base 3
11
What is 0 (base 5) in base 4?
0
What is 23 (base 7) in base 11?
16
-24 (base 6) to base 14
-12
What is 4 (base 10) in base 16?
4
Convert -3 (base 15) to base 9.
-3
Convert -21 (base 14) to base 10.
-29
2 (base 13) to base 9
2
111 (base 3) to base 8
15
Convert -4 (base 10) to base 5.
-4
-40 (base 16) to base 8
-100
1 (base 8) to base 10
1
Convert 0 (base 12) to base 6.
0
133 (base 5) to base 9
47
330 (base 5) to base 16
5a
Convert -1111010 (base 2) to base 13.
-95
-8a (base 12) to base 13
-82
Convert 6 (base 11) to base 16.
6
Convert -2 (base 11) to base 7.
-2
What is -9 (base 11) in base 13?
-9
Convert -3 (base 16) to base 9.
-3
What is e (base 15) in base 6?
22
What is 1 (base 7) in base 6?
1
Convert -5 (base 9) to base 4.
-11
What is -a0 (base 11) in base 2?
-1101110
2100 (base 5) to base 16
113
Convert -35 (base 12) to base 6.
-105
Convert -213 (base 12) to base 3.
-102020
4 (base 12) to base 15
4
-3 (base 8) to base 11
-3
-254 (base 6) to base 9
-127
Convert 6 (base 16) to base 7.
6
-110100 (base 2) to base 16
-34
-226 (base 8) to base 5
-1100
Convert -23 (base 5) to base 11.
-12
What is 12 (base 3) in base 6?
5
Convert 1 (base 9) to base 13.
1
Convert 0 (base 13) to base 11.
0
-1 (base 5) to base 14
-1
1c (base 14) to base 3
222
1d4 (base 14) to base 10
382
What is 3 (base 4) in base 8?
3
120 (base 3) to base 15
10
What is 5 (base 8) in base 6?
5
What is -4 (base 7) in base 4?
-10
Convert 1101001 (base 2) to base 8.
151
What is -122 (base 6) in base 14?
-38
63 (base 9) to base 13
45
196 (base 11) to base 8
342
What is 3 (base 14) in base 2?
11
23 (base 10) to base 5
43
What is 74 (base 10) in base 16?
4a
What is 5 (base 15) in base 5?
10
-99 (base 12) to base 3
-11100
What is -1211 (base 6) in base 8?
-447
11102 (base 3) to base 9
142
Convert -3 (base 15) to base 5.
-3
What is -2 (base 11) in base 16?
-2
What is 73 (base 14) in base 3?
10202
What is 101 (base 2) in base 6?
5
-5 (base 12) to base 16
-5
What is -3 (base 5) in base 14?
-3
What is -1 (base 9) in base 4?
-1
What is 122 (base 7) in base 10?
65
Convert -2 (base 7) to base 12.
-2
-1010 (base 2) to base 12
-a
What is 33 (base 16) in base 9?
56
Convert 67 (base 13) to base 5.
320
Convert -2 (base 12) to base 3.
-2
Convert -4 (base 13) to base 8.
-4
What is 11011 (base 2) in base 6?
43
What is -66 (base 12) in base 11?
-71
Convert 7 (base 8) to base 3.
21
Convert -12 (base 3) to base 13.
-5
What is -100 (base 11) in base 3?
-11111
-21 (base 4) to base 13
-9
Convert -1041 (base 5) to base 11.
-123
Convert 9 (base 11) to base 16.
9
-2 (base 5) to base 15
-2
Convert 2 (base 12) to base 6.
2
What is -33 (base 16) in base 9?
-56
-443 (base 8) to base 13
-195
-11a (base 11) to base 6
-354
2 (base 5) to base 6
2
What is -12 (base 3) in base 11?
-5
What is -23 (base 6) in base 8?
-17
Convert -2 (base 9) to base 11.
-2
Convert 13 (base 9) to base 16.
c
3 (base 9) to base 15
3
Convert -d (base 16) to base 12.
-11
Convert -3 (base 16) to base 4.
-3
102 (base 4) to base 11
17
c (base 15) to base 4
30
Convert -12 (base 9) to base 3.
-102
-20 (base 5) to base 8
-12
What is 15 (base 14) in base 3?
201
a (base 16) to base 8
12
What is 1211 (base 3) in base 12?
41
-38 (base 9) to base 6
-55
What is -25 (base 6) in base 14?
-13
5 (base 8) to base 4
11
Convert -65 (base 13) to base 3.
-10002
-5 (base 10) to base 2
-101
What is 34 (base 6) in base 14?
18
Convert 1 (base 4) to base 11.
1
211 (base 6) to base 8
117
-121 (base 3) to base 13
-13
1222 (base 4) to base 3
10221
What is 101001 (base 2) in base 9?
45
Convert 231 (base 4) to base 9.
50
Convert -10 (base 6) to base 4.
-12
-111111 (base 2) to base 3
-2100
What is 5 (base 10) in base 12?
5
-190 (base 14) to base 10
-322
3 (base 13) to base 15
3
Convert 3 (base 7) to base 8.
3
Convert e (base 16) to base 9.
15
1 (base 15) to base 6
1
-10 (base 2) to base 4
-2
What is 22 (base 9) in base 10?
20
Convert 1 (base 12) to base 13.
1
Convert 102 (base 4) to base 2.
10010
Convert 124 (base 8) to base 5.
314
What is -10 (base 2) in base 4?
-2
Convert -40 (base 7) to base 14.
-20
19 (base 10) to base 4
103
4 (base 7) to base 4
10
Convert 0 (base 10) to base 4.
0
What is 30 (base 5) in base 3?
120
Convert -2 (base 16) to base 11.
-2
What is 2 (base 13) in base 3?
2
Convert 10 (base 14) to base 11.
13
What is -201 (base 4) in base 5?
-113
-9 (base 13) to base 4
-21
What is 1 (base 4) in base 5?
1
What is -10 (base 5) in base 2?
-101
Convert 31 (base 5) to base 6.
24
Convert 11210 (base 3) to base 12.
a9
-1 (base 2) to base 15
-1
-1114 (base 7) to base 6
-1511
What is 1001000 (base 2) in base 14?
52
Convert 93 (base 16) to base 6.
403
Convert 11 (base 15) to base 8.
20
-108 (base 10) to base 7
-213
Convert -2 (base 11) to base 16.
-2
Convert 52 (base 7) to base 6.
101
-7 (base 13) to base 6
-11
Convert 24 (base 14) to base 4.
200
-1f (base 16) to base 12
-27
What is -12 (base 6) in base 4?
-20
What is -26 (base 11) in base 4?
-130
Convert -2 (base 6) to base 3.
-2
What is 152 (base 7) in base 11?
79
What is -a (base 16) in base 11?
-a
Convert -1000 (base 2) to base 14.
-8
What is -3101 (base 4) in base 11?
-180
What is -5b (base 15) in base 3?
-10012
What is -176 (base 8) in base 5?
-1001
Convert 6 (base 11) to base 2.
110
Convert 1024 (base 5) to base 13.
a9
Convert 1110 (base 2) to base 13.
11
What is d (base 14) in base 16?
d
-a5 (base 12) to base 8
-175
Convert -441 (base 6) to base 10.
-169
Convert -3a (base 12) to base 3.
-1201
What is 74 (base 16) in base 14?
84
Convert -12 (base 3) to base 16.
-5
Convert -18 (base 16) to base 2.
-11000
-3 (base 11) to base 2
-11
Convert 2 (base 4) to base 13.
2
Convert -33